{"id":39,"date":"2023-04-11T17:55:33","date_gmt":"2023-04-11T15:55:33","guid":{"rendered":"https:\/\/ambasciatapraga.esteri.it\/?page_id=39"},"modified":"2023-12-07T16:58:22","modified_gmt":"2023-12-07T20:58:22","slug":"la-sede","status":"publish","type":"page","link":"https:\/\/amblavana.esteri.it\/it\/chi-siamo\/la-sede\/","title":{"rendered":"La Sede"},"content":{"rendered":"<p class=\"boxLevel03\"><strong><img loading=\"lazy\" decoding=\"async\" class=\"alignnone wp-image-382 img-fluid\" src=\"https:\/\/amblavana.esteri.it\/wp-content\/uploads\/2023\/10\/foto_per_sito-233x300.jpg\" alt=\"\" width=\"480\" height=\"618\" srcset=\"https:\/\/amblavana.esteri.it\/wp-content\/uploads\/2023\/10\/foto_per_sito-233x300.jpg 233w, https:\/\/amblavana.esteri.it\/wp-content\/uploads\/2023\/10\/foto_per_sito-796x1024.jpg 796w, https:\/\/amblavana.esteri.it\/wp-content\/uploads\/2023\/10\/foto_per_sito-768x987.jpg 768w, https:\/\/amblavana.esteri.it\/wp-content\/uploads\/2023\/10\/foto_per_sito.jpg 840w\" sizes=\"auto, (max-width: 480px) 100vw, 480px\" \/><\/strong><\/p>\n<p>BREVE STORIA DELL\u2019IMMOBILE CHE OSPITA L\u2019AMBASCIATA D\u2019ITALIA A L\u2019AVANA<\/p>\n<p>L\u2019Ambasciata d\u2019Italia a L\u2019Avana si trova nel quartiere di Miramar, sorto a partire dal 1911, mentre la costruzione del \u201cReparto Playas de Miramar\u201d, disegnato dall\u2019ingegnere Luis Morales Pedroso, inizi\u00f2 soltanto nel 1925. All\u2019inizio del XX secolo, infatti, grazie alla costruzione di due ponti in acciaio, sostituiti negli anni 50 da due tunnel, l\u2019accesso a questa parte della citt\u00e0 fu notevolmente migliorato e la zona fu scelta fin dall\u2019inizio da famiglie abbienti per costruire case e palazzetti di stile signorile.<\/p>\n<p style=\"text-align: justify;\">Quella che conosciamo oggi come 5ta Avenida si chiamava \u201cLa V\u00eda Habana\u201d, e costituiva l\u2019asse stradale pi\u00f9 importante del quartiere. In seguito fu rinominata \u201cAvenida de las Am\u00e9ricas\u201d, quando fu costruita la bella fontana che porta lo stesso nome, eretta per dare il benvenuto al quartiere. All\u2019epoca, vivere a Miramar significava confort, esclusivit\u00e0 e un alto standard economico. I terreni pi\u00f9 costosi erano quelli che si trovavano lunga la 5ta Avenida, venduti per lotti a non meno di 200 mila pesos, somma considerevole per l\u2019epoca.<\/p>\n<p style=\"text-align: justify;\">Nell\u2019anno 1940, al numero 406 della 5ta Avenida, all\u2019angolo con la calle 4, fu inaugurata la villa che ospita attualmente l\u2019Ambasciata. L\u2019immobile, in stile neoclassico, era stato progettato dall\u2019architetto Alejandro Cap\u00f3 per conto della proprietaria sig.ra Clarisa Aspuru. Gli Aspuru, originari dei Paesi Baschi in Spagna, si erano stabiliti a Cuba come commercianti e proprietari terrieri negli anni 70 del XIX secolo. La famiglia possedeva tre zuccherifici, una raffineria, una banca, un\u2019industria siderurgica e diverse altre attivit\u00e0. Clarisa era una signora dell\u2019alta societ\u00e0 habanera, sposata con il Dott. Felipe Garc\u00eda Ca\u00f1izares, noto medico chirurgo e professore dell\u2019Universit\u00e0 dell\u2019Avana.<\/p>\n<p style=\"text-align: justify;\">La villa possiede un ampio porticato esterno con colonne, le quali si prolungano lungo tutta la facciata e continuano lungo l\u2019ala laterale della calle 4. All\u2019interno, su un unico livello, troviamo ampi saloni e finestre ad arco che si affacciano su un patio in stile sivigliano, con una fontanella centrale. Risaltano le maioliche policrome nella parte bassa del porticato che circonda il cortile interno. Al di sopra del cancello di ingresso si possono ancora vedere le iniziali del nome dell\u2019antica proprietaria. Nell\u2019immobile principale hanno sede gli uffici della cancelleria diplomatica mentre l\u2019edificio annesso, all\u2019interno del giardino, ospita i servizi consolari.<\/p>\n<p style=\"text-align: justify;\">Dopo la Rivoluzione del 1959 l\u2019immobile, come molti altri del quartiere, divenne propriet\u00e0 dello Stato cubano e fu adibito ad usi diversi, fino a che, nel 2002, fu assegnato come sede dell\u2019Ambasciata d\u2019Italia.<\/p>\n","protected":false},"excerpt":{"rendered":"BREVE STORIA DELL\u2019IMMOBILE CHE OSPITA L\u2019AMBASCIATA D\u2019ITALIA A L\u2019AVANA L\u2019Ambasciata d\u2019Italia a L\u2019Avana si trova nel quartiere di Miramar, sorto a partire dal 1911, mentre la costruzione del \u201cReparto Playas de Miramar\u201d, disegnato dall\u2019ingegnere Luis Morales Pedroso, inizi\u00f2 soltanto nel 1925. All\u2019inizio del XX secolo, infatti, grazie alla costruzione di due ponti in acciaio, sostituiti [&hellip;]","protected":false},"author":1,"featured_media":0,"parent":13,"menu_order":2,"comment_status":"closed","ping_status":"closed","template":"","meta":{"footnotes":""},"class_list":["post-39","page","type-page","status-publish","hentry"],"_links":{"self":[{"href":"https:\/\/amblavana.esteri.it\/it\/wp-json\/wp\/v2\/pages\/39","targetHints":{"allow":["GET"]}}],"collection":[{"href":"https:\/\/amblavana.esteri.it\/it\/wp-json\/wp\/v2\/pages"}],"about":[{"href":"https:\/\/amblavana.esteri.it\/it\/wp-json\/wp\/v2\/types\/page"}],"author":[{"embeddable":true,"href":"https:\/\/amblavana.esteri.it\/it\/wp-json\/wp\/v2\/users\/1"}],"replies":[{"embeddable":true,"href":"https:\/\/amblavana.esteri.it\/it\/wp-json\/wp\/v2\/comments?post=39"}],"version-history":[{"count":6,"href":"https:\/\/amblavana.esteri.it\/it\/wp-json\/wp\/v2\/pages\/39\/revisions"}],"predecessor-version":[{"id":1954,"href":"https:\/\/amblavana.esteri.it\/it\/wp-json\/wp\/v2\/pages\/39\/revisions\/1954"}],"up":[{"embeddable":true,"href":"https:\/\/amblavana.esteri.it\/it\/wp-json\/wp\/v2\/pages\/13"}],"wp:attachment":[{"href":"https:\/\/amblavana.esteri.it\/it\/wp-json\/wp\/v2\/media?parent=39"}],"curies":[{"name":"wp","href":"https:\/\/api.w.org\/{rel}","templated":true}]}}

<p class="boxLevel03"><strong><img loading="lazy" decoding="async" class="alignnone wp-image-382 img-fluid" src="https://amblavana.esteri.it/wp-content/uploads/2023/10/foto_per_sito-233x300.jpg" alt="" width="480" height="618" srcset="https://amblavana.esteri.it/wp-content/uploads/2023/10/foto_per_sito-233x300.jpg 233w, https://amblavana.esteri.it/wp-content/uploads/2023/10/foto_per_sito-796x1024.jpg 796w, https://amblavana.esteri.it/wp-content/uploads/2023/10/foto_per_sito-768x987.jpg 768w, https://amblavana.esteri.it/wp-content/uploads/2023/10/foto_per_sito.jpg 840w" sizes="auto, (max-width: 480px) 100vw, 480px" /></strong></p>
<p>BREVE STORIA DELL’IMMOBILE CHE OSPITA L’AMBASCIATA D’ITALIA A L’AVANA</p>
<p>L’Ambasciata d’Italia a L’Avana si trova nel quartiere di Miramar, sorto a partire dal 1911, mentre la costruzione del “Reparto Playas de Miramar”, disegnato dall’ingegnere Luis Morales Pedroso, iniziò soltanto nel 1925. All’inizio del XX secolo, infatti, grazie alla costruzione di due ponti in acciaio, sostituiti negli anni 50 da due tunnel, l’accesso a questa parte della città fu notevolmente migliorato e la zona fu scelta fin dall’inizio da famiglie abbienti per costruire case e palazzetti di stile signorile.</p>
<p style="text-align: justify;">Quella che conosciamo oggi come 5ta Avenida si chiamava “La Vía Habana”, e costituiva l’asse stradale più importante del quartiere. In seguito fu rinominata “Avenida de las Américas”, quando fu costruita la bella fontana che porta lo stesso nome, eretta per dare il benvenuto al quartiere. All’epoca, vivere a Miramar significava confort, esclusività e un alto standard economico. I terreni più costosi erano quelli che si trovavano lunga la 5ta Avenida, venduti per lotti a non meno di 200 mila pesos, somma considerevole per l’epoca.</p>
<p style="text-align: justify;">Nell’anno 1940, al numero 406 della 5ta Avenida, all’angolo con la calle 4, fu inaugurata la villa che ospita attualmente l’Ambasciata. L’immobile, in stile neoclassico, era stato progettato dall’architetto Alejandro Capó per conto della proprietaria sig.ra Clarisa Aspuru. Gli Aspuru, originari dei Paesi Baschi in Spagna, si erano stabiliti a Cuba come commercianti e proprietari terrieri negli anni 70 del XIX secolo. La famiglia possedeva tre zuccherifici, una raffineria, una banca, un’industria siderurgica e diverse altre attività. Clarisa era una signora dell’alta società habanera, sposata con il Dott. Felipe García Cañizares, noto medico chirurgo e professore dell’Università dell’Avana.</p>
<p style="text-align: justify;">La villa possiede un ampio porticato esterno con colonne, le quali si prolungano lungo tutta la facciata e continuano lungo l’ala laterale della calle 4. All’interno, su un unico livello, troviamo ampi saloni e finestre ad arco che si affacciano su un patio in stile sivigliano, con una fontanella centrale. Risaltano le maioliche policrome nella parte bassa del porticato che circonda il cortile interno. Al di sopra del cancello di ingresso si possono ancora vedere le iniziali del nome dell’antica proprietaria. Nell’immobile principale hanno sede gli uffici della cancelleria diplomatica mentre l’edificio annesso, all’interno del giardino, ospita i servizi consolari.</p>
<p style="text-align: justify;">Dopo la Rivoluzione del 1959 l’immobile, come molti altri del quartiere, divenne proprietà dello Stato cubano e fu adibito ad usi diversi, fino a che, nel 2002, fu assegnato come sede dell’Ambasciata d’Italia.</p>

BREVE STORIA DELL’IMMOBILE CHE OSPITA L’AMBASCIATA D’ITALIA A L’AVANA L’Ambasciata d’Italia a L’Avana si trova nel quartiere di Miramar, sorto a partire dal 1911, mentre la costruzione del “Reparto Playas de Miramar”, disegnato dall’ingegnere Luis Morales Pedroso, iniziò soltanto nel 1925. All’inizio del XX secolo, infatti, grazie alla costruzione di due ponti in acciaio, sostituiti [&hellip;]
