{"id":222,"date":"2023-04-11T18:22:07","date_gmt":"2023-04-11T22:22:07","guid":{"rendered":"https:\/\/amblavana.esteri.it\/servizi-consolari-e-visti\/servizi-per-il-cittadino-straniero\/visti\/"},"modified":"2025-10-01T08:35:28","modified_gmt":"2025-10-01T12:35:28","slug":"visti","status":"publish","type":"page","link":"https:\/\/amblavana.esteri.it\/es\/servizi-consolari-e-visti\/servizi-per-il-cittadino-straniero\/visti\/","title":{"rendered":"Visas"},"content":{"rendered":"<p><strong>Tipolog\u00eda de visado por Italia y documentaci\u00f3n necesaria<\/strong><\/p>\n<p>Descubre el tipo de visado correcto para viajar a Italia en base a tus exigencias y cu\u00e1les son los documentos a presentar visitando el <a href=\"https:\/\/vistoperitalia.esteri.it\/\">portal visados del Ministerio de los Asuntos Exteriores y de la Cooperaci\u00f3n Internacional<\/a>.<\/p>\n<p><strong><u>NOTA<\/u><\/strong><strong> Las Embajadas de los Pa\u00edses del \u00e1rea Schengen presentes en Cuba establecieron unos <u>requisitos adicionales<\/u> para presentar solicitudes de visado en relaci\u00f3n a los que se pueden encontrar en el portal visado del MAECI. Para consultar la <u>lista completa<\/u> de los documentos a presentar para los principales tipos de visados haz clic <\/strong><a href=\"https:\/\/amblavana.esteri.it\/es\/servizi-consolari-e-visti\/\"><strong>aqu\u00ed<\/strong><\/a><strong>.<\/strong><\/p>\n<p>&nbsp;<\/p>\n<p><strong>Horarios de apertura al p\u00fablico <\/strong><strong>y reservas<\/strong><\/p>\n<p>El personal de la oficina de visados recibe de lunes a viernes desde las 9.00 hasta las 13.00 horas, previa cita.<\/p>\n<p><strong>La reservaci\u00f3n de las citas para los servicios consulares es completamente GRATUITA.<\/strong><\/p>\n<p><strong>La Embajada NO autoriza ning\u00fan intermediario a reservar citas.<\/strong><\/p>\n<p><strong>Para reservar una cita utiliza el portal\u00a0<\/strong><a href=\"https:\/\/prenotami.esteri.it\"><strong>Prenot@mi<\/strong><\/a><strong>.<\/strong><\/p>\n<p>&nbsp;<\/p>\n<p><strong>Informaciones utiles para reservar una cita a trav\u00e9s del portal PRENOT@MI<\/strong><\/p>\n<p>Se ofrecen nuevas plazas todos los d\u00edas (de domingo a jueves) a las 23.30 (hora italiana). Se se\u00f1ala que un n\u00famero muy limitado de plazas nuevas se pueden tambi\u00e9n reservar diariamente a las 12.00 y 00.00 italianas.<\/p>\n<p><strong>Para acceder al portal es necesario registrarse insertando los datos del <u>solicitante del visado<\/u>. Las reservas realizadas con informaci\u00f3n incompleta o incorrecta ser\u00e1n canceladas.<\/strong><\/p>\n<p>&nbsp;<\/p>\n<p><strong>Familiares de ciudadanos de la UE ex art. 2 d.lgs. 30\/2007<\/strong><\/p>\n<p>Para los familiares de ciudadanos italianos ex art. 2 D.Lgs. 30\/2007 (c\u00f3nyuges, hijos e hijastros, padres y suegros) que no logran reservar una cita a trav\u00e9s del portal Prenot@mi <u>desde hace al menos un mes<\/u>, fue activado un correo dedicado: <a href=\"mailto:ambavana.familiariue@esteri.it\">ambavana.familiariue@esteri.it<\/a><\/p>\n<p>El solicitante (o el pariente que lo invita) podr\u00e1 se\u00f1alar problemas con la reserva especificando y adjuntando:<\/p>\n<ul>\n<li>Nombre del solicitante de visado<\/li>\n<li>Nombre del familiar italiano invitante<\/li>\n<li>V\u00ednculo familiar<\/li>\n<li>Documentaci\u00f3n que demuestre el v\u00ednculo familiar<\/li>\n<li>N\u00famero de pasaporte de ambos<\/li>\n<li>Direcci\u00f3n de correo electr\u00f3nico utilizado para reservar el servicio en Prenot@mi (<u>la cuenta tiene que ser a nombre del solicitante del visado<\/u>)<\/li>\n<\/ul>\n<p>La posibilidad de fijar una cita a trav\u00e9s de este servicio no sustituye Prenot@mi, sino que representa una herramienta m\u00e1s a disposici\u00f3n de los usuarios. Debido a la gran demanda de citas, no es posible garantizar un tiempo m\u00e1ximo de espera del env\u00edo del correo a la fecha de la cita.<\/p>\n<p>&nbsp;<\/p>\n<p><strong>Qui\u00e9n puede solicitar un visado\u00a0<\/strong><\/p>\n<p>Pueden solicitar un visado todos los ciudadanos cubanos y los ciudadanos de aquellos Pa\u00edses sujetos al requisito del visado residentes en el territorio de la Rep\u00fablica de Cuba. Pueden adem\u00e1s solicitar un visado los ciudadanos de aquellos Pa\u00edses sujetos al requisito del visado residentes temporales que tengan motivos<strong>\u00a0<\/strong>justificados para solicitar una visa en Cuba, en lugar de la Embajada italiana en el Pa\u00eds de residencia. En dichos casos, la Embajada de Italia en Cuba se reserva la posibilidad de evaluar los motivos justificados antes de aceptar la solicitud.<\/p>\n<p>&nbsp;<\/p>\n<p><strong>Aprobaci\u00f3n o denegaci\u00f3n del visado<\/strong><\/p>\n<p>Se recuerda que la expedici\u00f3n de un visado es una concesi\u00f3n y no un derecho, por eso la solicitud de visado puede ser aprobada con la expedici\u00f3n del visado o rechazada con una denegaci\u00f3n.<\/p>\n<p>En caso de que la solicitud de visado sea incompleta o incorrecta, la Embajada podr\u00e1 solicitar documentaci\u00f3n adicional.<\/p>\n<p>Ten en cuenta que la <strong><u>presentaci\u00f3n de todos los documentos indicados en la lista de documentos requeridos no garantiza autom\u00e1ticamente la expedici\u00f3n del visado<\/u><\/strong>. En muchos casos es obligatorio que la Embajada eval\u00fae el <u>riesgo migratorio<\/u> del solicitante, es decir, el riesgo de que el solicitante emigre ilegalmente al espacio Schengen, utilizando el visado como pretexto e instrumento para establecerse ilegal y permanentemente en dicho territorio. Esta valoraci\u00f3n se deja, por ley, al criterio de la Embajada y se basa en la situaci\u00f3n socio-econ\u00f3mica del solicitante del visado.<\/p>\n<p>&nbsp;<\/p>\n<p><strong>Nuevo sistema de entradas\/salidas (EES) para la gesti\u00f3n de las fronteras Schengen<\/strong><\/p>\n<p><strong>El sistema de entradas\/salidas (Entry\/Exit System, EES)<\/strong> es un sistema inform\u00e1tico automatizado que registrar\u00e1 a los ciudadanos de terceros pa\u00edses (es decir, que no pertenezcan a la UE ni a Islandia, Liechtenstein, Noruega o Suiza) que viajen por per\u00edodos de corta duraci\u00f3n (m\u00e1ximo 90 d\u00edas) cada vez que crucen las fronteras exteriores del \u00e1rea Schengen.<\/p>\n<p>El nuevo sistema, que <strong>entrar\u00e1 en funcionamiento a partir del 12 de octubre de 2025<\/strong>, moderniza la gesti\u00f3n de las fronteras europeas, mejorando la eficiencia y la calidad de los procesos: sustituir\u00e1 gradualmente el sellado manual del pasaporte por un sistema digital que registra las entradas y salidas de los viajeros, haciendo que los controles fronterizos sean m\u00e1s r\u00e1pidos y permitiendo al personal trabajar de manera m\u00e1s eficiente.<\/p>\n<p>El EES recopila, registra y conserva: los datos indicados en el documento o documentos de viaje; la fecha y el lugar de entrada y salida; la imagen facial y las huellas dactilares (los llamados \u00abdatos biom\u00e9tricos\u00bb); si se ha denegado la entrada. <strong>Los datos se recopilan y almacenan respetando plenamente las normas y derechos en materia de protecci\u00f3n de datos<\/strong>.<\/p>\n<p>Para m\u00e1s informaci\u00f3n, visite el sitio web: <a href=\"https:\/\/travel-europe.europa.eu\/es\/ees\">EES &#8211; Sistema de Entradas y Salidas (EES)<\/a><\/p>\n","protected":false},"excerpt":{"rendered":"Tipolog\u00eda de visado por Italia y documentaci\u00f3n necesaria Descubre el tipo de visado correcto para viajar a Italia en base a tus exigencias y cu\u00e1les son los documentos a presentar visitando el portal visados del Ministerio de los Asuntos Exteriores y de la Cooperaci\u00f3n Internacional. NOTA Las Embajadas de los Pa\u00edses del \u00e1rea Schengen presentes [&hellip;]","protected":false},"author":1,"featured_media":0,"parent":221,"menu_order":0,"comment_status":"closed","ping_status":"closed","template":"","meta":{"footnotes":""},"class_list":["post-222","page","type-page","status-publish","hentry"],"_links":{"self":[{"href":"https:\/\/amblavana.esteri.it\/es\/wp-json\/wp\/v2\/pages\/222","targetHints":{"allow":["GET"]}}],"collection":[{"href":"https:\/\/amblavana.esteri.it\/es\/wp-json\/wp\/v2\/pages"}],"about":[{"href":"https:\/\/amblavana.esteri.it\/es\/wp-json\/wp\/v2\/types\/page"}],"author":[{"embeddable":true,"href":"https:\/\/amblavana.esteri.it\/es\/wp-json\/wp\/v2\/users\/1"}],"replies":[{"embeddable":true,"href":"https:\/\/amblavana.esteri.it\/es\/wp-json\/wp\/v2\/comments?post=222"}],"version-history":[{"count":6,"href":"https:\/\/amblavana.esteri.it\/es\/wp-json\/wp\/v2\/pages\/222\/revisions"}],"predecessor-version":[{"id":3776,"href":"https:\/\/amblavana.esteri.it\/es\/wp-json\/wp\/v2\/pages\/222\/revisions\/3776"}],"up":[{"embeddable":true,"href":"https:\/\/amblavana.esteri.it\/es\/wp-json\/wp\/v2\/pages\/221"}],"wp:attachment":[{"href":"https:\/\/amblavana.esteri.it\/es\/wp-json\/wp\/v2\/media?parent=222"}],"curies":[{"name":"wp","href":"https:\/\/api.w.org\/{rel}","templated":true}]}}

<p><strong>Tipología de visado por Italia y documentación necesaria</strong></p>
<p>Descubre el tipo de visado correcto para viajar a Italia en base a tus exigencias y cuáles son los documentos a presentar visitando el <a href="https://vistoperitalia.esteri.it/">portal visados del Ministerio de los Asuntos Exteriores y de la Cooperación Internacional</a>.</p>
<p><strong><u>NOTA</u></strong><strong> Las Embajadas de los Países del área Schengen presentes en Cuba establecieron unos <u>requisitos adicionales</u> para presentar solicitudes de visado en relación a los que se pueden encontrar en el portal visado del MAECI. Para consultar la <u>lista completa</u> de los documentos a presentar para los principales tipos de visados haz clic </strong><a href="https://amblavana.esteri.it/es/servizi-consolari-e-visti/"><strong>aquí</strong></a><strong>.</strong></p>
<p>&nbsp;</p>
<p><strong>Horarios de apertura al público </strong><strong>y reservas</strong></p>
<p>El personal de la oficina de visados recibe de lunes a viernes desde las 9.00 hasta las 13.00 horas, previa cita.</p>
<p><strong>La reservación de las citas para los servicios consulares es completamente GRATUITA.</strong></p>
<p><strong>La Embajada NO autoriza ningún intermediario a reservar citas.</strong></p>
<p><strong>Para reservar una cita utiliza el portal </strong><a href="https://prenotami.esteri.it"><strong>Prenot@mi</strong></a><strong>.</strong></p>
<p>&nbsp;</p>
<p><strong>Informaciones utiles para reservar una cita a través del portal PRENOT@MI</strong></p>
<p>Se ofrecen nuevas plazas todos los días (de domingo a jueves) a las 23.30 (hora italiana). Se señala que un número muy limitado de plazas nuevas se pueden también reservar diariamente a las 12.00 y 00.00 italianas.</p>
<p><strong>Para acceder al portal es necesario registrarse insertando los datos del <u>solicitante del visado</u>. Las reservas realizadas con información incompleta o incorrecta serán canceladas.</strong></p>
<p>&nbsp;</p>
<p><strong>Familiares de ciudadanos de la UE ex art. 2 d.lgs. 30/2007</strong></p>
<p>Para los familiares de ciudadanos italianos ex art. 2 D.Lgs. 30/2007 (cónyuges, hijos e hijastros, padres y suegros) que no logran reservar una cita a través del portal Prenot@mi <u>desde hace al menos un mes</u>, fue activado un correo dedicado: <a href="mailto:ambavana.familiariue@esteri.it">ambavana.familiariue@esteri.it</a></p>
<p>El solicitante (o el pariente que lo invita) podrá señalar problemas con la reserva especificando y adjuntando:</p>
<ul>
<li>Nombre del solicitante de visado</li>
<li>Nombre del familiar italiano invitante</li>
<li>Vínculo familiar</li>
<li>Documentación que demuestre el vínculo familiar</li>
<li>Número de pasaporte de ambos</li>
<li>Dirección de correo electrónico utilizado para reservar el servicio en Prenot@mi (<u>la cuenta tiene que ser a nombre del solicitante del visado</u>)</li>
</ul>
<p>La posibilidad de fijar una cita a través de este servicio no sustituye Prenot@mi, sino que representa una herramienta más a disposición de los usuarios. Debido a la gran demanda de citas, no es posible garantizar un tiempo máximo de espera del envío del correo a la fecha de la cita.</p>
<p>&nbsp;</p>
<p><strong>Quién puede solicitar un visado </strong></p>
<p>Pueden solicitar un visado todos los ciudadanos cubanos y los ciudadanos de aquellos Países sujetos al requisito del visado residentes en el territorio de la República de Cuba. Pueden además solicitar un visado los ciudadanos de aquellos Países sujetos al requisito del visado residentes temporales que tengan motivos<strong> </strong>justificados para solicitar una visa en Cuba, en lugar de la Embajada italiana en el País de residencia. En dichos casos, la Embajada de Italia en Cuba se reserva la posibilidad de evaluar los motivos justificados antes de aceptar la solicitud.</p>
<p>&nbsp;</p>
<p><strong>Aprobación o denegación del visado</strong></p>
<p>Se recuerda que la expedición de un visado es una concesión y no un derecho, por eso la solicitud de visado puede ser aprobada con la expedición del visado o rechazada con una denegación.</p>
<p>En caso de que la solicitud de visado sea incompleta o incorrecta, la Embajada podrá solicitar documentación adicional.</p>
<p>Ten en cuenta que la <strong><u>presentación de todos los documentos indicados en la lista de documentos requeridos no garantiza automáticamente la expedición del visado</u></strong>. En muchos casos es obligatorio que la Embajada evalúe el <u>riesgo migratorio</u> del solicitante, es decir, el riesgo de que el solicitante emigre ilegalmente al espacio Schengen, utilizando el visado como pretexto e instrumento para establecerse ilegal y permanentemente en dicho territorio. Esta valoración se deja, por ley, al criterio de la Embajada y se basa en la situación socio-económica del solicitante del visado.</p>
<p>&nbsp;</p>
<p><strong>Nuevo sistema de entradas/salidas (EES) para la gestión de las fronteras Schengen</strong></p>
<p><strong>El sistema de entradas/salidas (Entry/Exit System, EES)</strong> es un sistema informático automatizado que registrará a los ciudadanos de terceros países (es decir, que no pertenezcan a la UE ni a Islandia, Liechtenstein, Noruega o Suiza) que viajen por períodos de corta duración (máximo 90 días) cada vez que crucen las fronteras exteriores del área Schengen.</p>
<p>El nuevo sistema, que <strong>entrará en funcionamiento a partir del 12 de octubre de 2025</strong>, moderniza la gestión de las fronteras europeas, mejorando la eficiencia y la calidad de los procesos: sustituirá gradualmente el sellado manual del pasaporte por un sistema digital que registra las entradas y salidas de los viajeros, haciendo que los controles fronterizos sean más rápidos y permitiendo al personal trabajar de manera más eficiente.</p>
<p>El EES recopila, registra y conserva: los datos indicados en el documento o documentos de viaje; la fecha y el lugar de entrada y salida; la imagen facial y las huellas dactilares (los llamados «datos biométricos»); si se ha denegado la entrada. <strong>Los datos se recopilan y almacenan respetando plenamente las normas y derechos en materia de protección de datos</strong>.</p>
<p>Para más información, visite el sitio web: <a href="https://travel-europe.europa.eu/es/ees">EES &#8211; Sistema de Entradas y Salidas (EES)</a></p>

Tipología de visado por Italia y documentación necesaria Descubre el tipo de visado correcto para viajar a Italia en base a tus exigencias y cuáles son los documentos a presentar visitando el portal visados del Ministerio de los Asuntos Exteriores y de la Cooperación Internacional. NOTA Las Embajadas de los Países del área Schengen presentes [&hellip;]
